(14)?
0
Let r(k) = k**2 + 2*k - 7. Let o(j) = 2*j**2 + 3*j - 2. Let p be o(2). Suppose 0 = -7*i + p*i - 30. What is the units digit of r(i)?
1
Suppose 0 = 5*r + 5*s - 85, -2*r - 2*s + 28 = -6*s. What is the units digit of (162/24 + 6)/(3/r)?
8
Suppose 0 = -308*b + 311*b - 1560. What is the hundreds digit of b?
5
Suppose 5 = 33*q - 28. Let i = 4 + -2. What is the tens digit of 30 + 1 + q + i?
3
Let h = 23 - 31. Let l be (h/(-2) - 3)*0. Suppose l = 2*c - 12 - 30. What is the tens digit of c?
2
Let n = 1418 + 806. What is the hundreds digit of n?
2
Suppose -5*o - 4 - 21 = v, 10 = v - 2*o. Suppose q + 2*q = v. What is the units digit of -1 + q + 19 + 4?
2
Let d(s) = 2*s**2 + 31*s. What is the tens digit of d(5)?
0
Let a(v) = -139*v**3 - 3*v**2 - 2*v. Let b be a(-1). Suppose 0 = -3*m - 3*s - 102, b = -3*m - 5*s + 28. What is the tens digit of (-12)/10*825/m?
3
Let q(r) = 222*r + 293. What is the hundreds digit of q(5)?
4
Let n(l) = -l**2 - 12*l - 13. Let o be n(-11). Let j be -99 - (o - (2 + -1)). Let a = -66 - j. What is the units digit of a?
0
Suppose -4*h = -2*q - 66, -2*h + q - 42 = -5*h. Suppose 13 = 2*y - h. What is the tens digit of y?
1
What is the tens digit of 78890/21 - (-5)/(-3)?
5
Let h = 2217 - 962. What is the tens digit of h?
5
Let l(p) be the third derivative of p**5/60 + p**4/4 - 7*p**3/3 - 3*p**2. Let y be l(-11). What is the units digit of (-3 + (7 - 3))*y?
1
Let i(x) = 24*x**2 + 34*x + 62. What is the hundreds digit of i(-10)?
1
Suppose i = -5*r + 147, -3*i = 2*r + 143 - 636. What is the hundreds digit of i?
1
Let i(t) = t**2 - 11*t - 7. Let p be i(13). Suppose -c + 182 + p = 0. What is the units digit of c?
1
Suppose -3*c - 10 = 2*n, -16 - 12 = 3*n - 2*c. What is the hundreds digit of 275 + (n/4 - -1)?
2
Suppose -29*i + 25*i + s = -6648, 3*s = 0. What is the thousands digit of i?
1
Suppose 10*d + 8*d - 7632 = 0. What is the hundreds digit of d?
4
Let i(g) = g + 2. Let f be i(-5). What is the units digit of f + (4 + -31)*-5?
2
Let m = -24 - -42. Let c = 22 - m. Suppose c*t - n - 199 = 0, 202 = 3*t + t + 2*n. What is the units digit of t?
0
Let q(a) = 42*a + 8. Let u = 58 - 57. What is the units digit of q(u)?
0
Let b(f) be the second derivative of -5*f**5 - 22*f. What is the tens digit of b(-1)?
0
Let z(g) = -4*g**2 - 5*g + 3*g**2 + 2 - 1. Let t be z(-4). Suppose -9 = -f + t. What is the units digit of f?
4
Let x(q) = -q + 8. Let i be x(5). Let z = 232 + -108. Suppose p - z = -i*p. What is the units digit of p?
1
What is the thousands digit of (57*(-133)/(-35))/(1/5)?
1
Let b(u) = 9*u**2 + 15*u - 2. What is the tens digit of b(-6)?
3
Let r = 115 - 17. Suppose -96*j + r*j = 160. What is the tens digit of j?
8
Let t(y) = -y**2 - 5*y + 4. Let w be t(-5). Suppose -w*z + 23 + 137 = 0. What is the tens digit of z?
4
Let x(c) be the second derivative of c**4/6 + 7*c**3/6 - 3*c**2 + 3*c. Let a be x(4). Suppose -2*l + a = l. What is the units digit of l?
8
Suppose q + y = 4, -y = -5*q + 2*y - 20. What is the units digit of (40/(-5) + q)*-3?
7
Let d(v) = 5*v**2 + 13*v - 21. What is the units digit of d(-10)?
9
Let c(o) = 3*o**2 - 87*o - 167. What is the tens digit of c(47)?
7
Suppose d - 6 = -3. Suppose 3*q - 4*u = 818, -5*q + d*u = -0*u - 1378. What is the units digit of q?
8
What is the units digit of (-12537)/(-15) - 14/(-70)?
6
Suppose 115*r = 110*r - 5*c + 8025, -1614 = -r + 2*c. What is the hundreds digit of r?
6
Let f = 1288 + -522. What is the units digit of f?
6
Suppose 7*v + t = 9*v - 4090, 0 = -5*v + 2*t + 10227. What is the thousands digit of v?
2
Let u(x) = -x**3 - 6*x**2 + 11*x - 7. Let r be u(-8). Suppose 7*t = 4*t + r. Let a = t - 9. What is the units digit of a?
2
Let z(f) = f**2 + 3*f + 2. Let q be z(-3). Let y be (-5 + 3 - -24) + -4. Suppose -y = -q*m - 4. What is the units digit of m?
7
Suppose -2199 = -12*q + 26493. What is the units digit of q?
1
What is the tens digit of ((-3715)/(-9) - 1) + (-18)/(-81)?
1
Let r = 29 - 35. Let o = r - -10. Suppose 0 = -4*a, 2*g - a - 40 = o*a. What is the tens digit of g?
2
Suppose -3*p = -15, -5*t + 10*t - 55 = p. Let a(x) = 7*x**3 + x**2 - 4*x + 3. Let g be a(3). What is the units digit of (-2)/(-8) + g/t?
6
Suppose 6907 = 3*g - 0*z - 5*z, 3*g - 6911 = z. What is the hundreds digit of g?
3
Suppose -2*c + 50 = 4*y + 302, -5*y - 316 = 2*c. Let v = -113 - y. Let b = v + 86. What is the tens digit of b?
3
Suppose 0*o - 2*o + 432 = 0. Suppose -2*n + o = 2*n. What is the units digit of n?
4
Let g = -593 - -1366. What is the units digit of g?
3
Let p be (-4)/5*10/(-4). Suppose -68 = -p*u + 68. What is the units digit of u?
8
Let v be 372/132 + 4/22. Suppose 5*c = -v*y + 521, -2*y - 107 + 456 = 5*c. What is the hundreds digit of y?
1
What is the hundreds digit of 1*-714*(-12)/18?
4
Let u = -698 + 1602. What is the hundreds digit of u?
9
Let m(q) = -q + 22. Let d be m(16). Suppose -d*f = -137 - 25. What is the tens digit of f?
2
Suppose 0 = t - 1, -4*c + 13573 + 1110 = -t. What is the thousands digit of c?
3
Let c(v) = 3*v**2 + v + 2. Suppose 4*u + h + 7 = -2*h, 0 = -2*u + 2*h. Let x be c(u). Suppose -x*y = -2 - 94. What is the units digit of y?
4
Let j(o) = 2*o - 19. Let y be j(13). Let w(z) = -z**2 + 5*z + 8. Let t be w(6). Let u = y + t. What is the units digit of u?
9
Let k(a) = a + 51. Let i be k(25). Suppose 5*w - w - 5*t - i = 0, -3*t = -w + 26. What is the tens digit of w?
1
What is the tens digit of ((-5)/(-2))/(6/1464*2)?
0
Suppose -4*n = 5*j - 7399, 13*n = 8*n + 5. What is the units digit of j?
9
Let s = -111 - -216. Let v be (54/21)/(5/s). Suppose 0 = b - 3*b + v. What is the units digit of b?
7
Let x = 4 + -2. Suppose 131 = x*y + 53. Let l = y - 25. What is the tens digit of l?
1
Let k(w) = -4*w - 10. Let q be k(-4). What is the units digit of ((-38)/q - (-10)/(-15))/(-1)?
7
Suppose -k = 4*o - 9 + 2, 0 = 3*k + 4*o - 13. Suppose -3*u - 4 = 11, k*t + 5*u - 26 = 0. What is the units digit of t?
7
Suppose s + s - 20 = 0. Let x be (-11 + 0)/((-5)/s). Suppose 7*z - 8*z = -x. What is the units digit of z?
2
Let h = 7 - 6. Let r = h + 5. What is the units digit of 23/(r/(-2) - -4)?
3
Suppose 0 = 36*b - 30*b - 15048. What is the hundreds digit of b?
5
Let i be 5/3 + -1 - (-3496)/57. Suppose -5*h = -758 - i. What is the units digit of h?
4
Let k(l) = l**2 - 16*l + 17. Let z be k(15). What is the units digit of (2 - -166*z/4) + 0?
5
Suppose 2*j = 6*j - 4*m + 48, -4 = -j - 3*m. Let z = j - -11. What is the tens digit of (2/(-3))/(z/(-153))?
3
Let c be (1 + -2)*(6 - -13). Let h = c - -196. What is the units digit of h?
7
Let q = 14 + -9. Suppose 3*i + 106 = q*i. What is the tens digit of i?
5
Let u be 6/(-10) - (-66)/10. Suppose u*j - 160 = 338. What is the units digit of j?
3
Let c be ((-99)/(-22))/(1/2). Suppose c*w - 378 = 2*w. What is the tens digit of w?
5
Suppose 0 = n - 4*g + 3*g + 1, 4*g = 20. What is the units digit of (413 + 19)*2/n?
6
Suppose -a = 5*m - 104 - 9, a - 5*m = 83. Let b = 218 - a. What is the hundreds digit of b?
1
Let j(k) = k**3 - 11*k**2 - 3*k + 75. What is the tens digit of j(14)?
2
Let u = 1825 + -1181. What is the units digit of u?
4
Let l = 80 - -12. Let b(q) = 9*q - 60. Let t be b(7). Suppose o + t*o - l = 0. What is the units digit of o?
3
Let r(h) = 6*h - 16. Suppose -14*z + 17*z = -4*t + 28, 3*z + 3*t - 24 = 0. What is the units digit of r(z)?
8
What is the hundreds digit of (-10)/6*(-53784)/180?
4
Let m be (350/(-21)*-1)/((-4)/(-30)). Suppose 5*o - 4*o - 425 = 5*d, 3*o + 340 = -4*d. Let t = m + d. What is the units digit of t?
0
Suppose 0*s - 6 = -2*s, -4*s + 10 = -z. Suppose z*p + 8 = 0, 3*n + 4*p - 5*p = 187. Let u = n + -42. What is the tens digit of u?
1
Let f = -4170 + 6140. What is the hundreds digit of f?
9
Let j = 2057 + -1954. What is the tens digit of j?
0
Suppose 0*w = -4*w - 16. Let n = 6 + w. Suppose -n*h + 9 = 3. What is the units digit of h?
3
Suppose 0 = 4*w - 6*w + 652. What is the hundreds digit of w?
3
Suppose 14*y + 473 = 25*y. Suppose -868 = 39*x - y*x. What is the units digit of x?
7
Suppose 3*t = 3*v + 2502, 5*v - 17 = -37. What is the tens digit of t?
3
Let d(n) = -3*n**3 - 2*n**2 - n + 5. Let v be d(-4). Suppose -h = 5*f - v, -3*h = -f - 3*f + 139. What is the tens digit of f?
3
Let s be ((-56)/20 + 3)*505. Let b = -34 + s. 